{"id":15130,"date":"2025-08-28T15:06:02","date_gmt":"2025-08-28T13:06:02","guid":{"rendered":"https:\/\/storm-communication.fr\/annecy\/?page_id=15130"},"modified":"2026-01-22T09:08:06","modified_gmt":"2026-01-22T08:08:06","slug":"contactez-nous","status":"publish","type":"page","link":"https:\/\/storm-communication.fr\/annecy\/contactez-nous\/","title":{"rendered":"Contact"},"content":{"rendered":"\t\t<div data-elementor-type=\"wp-page\" data-elementor-id=\"15130\" class=\"elementor elementor-15130\" data-elementor-post-type=\"page\">\n\t\t\t\t<div class=\"elementor-element elementor-element-85a25b3 e-flex e-con-boxed e-con e-parent\" data-id=\"85a25b3\" data-element_type=\"container\" data-e-type=\"container\">\n\t\t\t\t\t<div class=\"e-con-inner\">\n\t\t<div class=\"elementor-element elementor-element-2292227 e-con-full e-flex e-con e-child\" data-id=\"2292227\" data-element_type=\"container\" data-e-type=\"container\">\n\t\t\t\t<div class=\"elementor-element elementor-element-e1a22c8 elementor-widget elementor-widget-heading\" data-id=\"e1a22c8\" data-element_type=\"widget\" data-e-type=\"widget\" data-widget_type=\"heading.default\">\n\t\t\t\t\t<h1 class=\"elementor-heading-title elementor-size-default\">Pr\u00eat \u00e0 Stormer ?<\/h1>\t\t\t\t<\/div>\n\t\t\t\t<div class=\"elementor-element elementor-element-cad47a1 elementor-widget__width-initial elementor-widget elementor-widget-text-editor\" data-id=\"cad47a1\" data-element_type=\"widget\" data-e-type=\"widget\" data-widget_type=\"text-editor.default\">\n\t\t\t\t\t\t\t\t\t<p>Vous lancez votre marque ? Souhaitez revoir votre identit\u00e9 visuelle ? Cr\u00e9er des supports dynamiques ?<\/p><p>Prenons rendez-vous ensemble !<\/p>\t\t\t\t\t\t\t\t<\/div>\n\t\t<div class=\"elementor-element elementor-element-666bda9 e-con-full e-flex e-con e-child\" data-id=\"666bda9\" data-element_type=\"container\" data-e-type=\"container\">\n\t\t<div class=\"elementor-element elementor-element-80273ff e-con-full e-flex elementor-invisible e-con e-child\" data-id=\"80273ff\" data-element_type=\"container\" data-e-type=\"container\" data-settings=\"{&quot;animation&quot;:&quot;fadeIn&quot;}\">\n\t\t\t\t<div class=\"elementor-element elementor-element-84739e7 elementor-widget elementor-widget-heading\" data-id=\"84739e7\" data-element_type=\"widget\" data-e-type=\"widget\" data-widget_type=\"heading.default\">\n\t\t\t\t\t<div class=\"elementor-heading-title elementor-size-default\">Annecy<\/div>\t\t\t\t<\/div>\n\t\t\t\t<div class=\"elementor-element elementor-element-a6e49f4 elementor-icon-list--layout-traditional elementor-list-item-link-full_width elementor-widget elementor-widget-icon-list\" data-id=\"a6e49f4\" data-element_type=\"widget\" data-e-type=\"widget\" data-widget_type=\"icon-list.default\">\n\t\t\t\t\t\t\t<ul class=\"elementor-icon-list-items\">\n\t\t\t\t\t\t\t<li class=\"elementor-icon-list-item\">\n\t\t\t\t\t\t\t\t\t\t\t<a href=\"tel:0465589763\">\n\n\t\t\t\t\t\t\t\t\t\t\t<span class=\"elementor-icon-list-text\">04 65 58 97 63<\/span>\n\t\t\t\t\t\t\t\t\t\t\t<\/a>\n\t\t\t\t\t\t\t\t\t<\/li>\n\t\t\t\t\t\t\t\t<li class=\"elementor-icon-list-item\">\n\t\t\t\t\t\t\t\t\t\t<span class=\"elementor-icon-list-text\">16 rue de la lyre, Parc Alta\u00efs (b\u00e2timent Jean Beauquis), 74960 Annecy<\/span>\n\t\t\t\t\t\t\t\t\t<\/li>\n\t\t\t\t\t\t\t\t<li class=\"elementor-icon-list-item\">\n\t\t\t\t\t\t\t\t\t\t\t<a href=\"mailto:contact@storm-communication.com\">\n\n\t\t\t\t\t\t\t\t\t\t\t<span class=\"elementor-icon-list-text\">contact@storm-communication.com<\/span>\n\t\t\t\t\t\t\t\t\t\t\t<\/a>\n\t\t\t\t\t\t\t\t\t<\/li>\n\t\t\t\t\t\t<\/ul>\n\t\t\t\t\t\t<\/div>\n\t\t\t\t<\/div>\n\t\t<div class=\"elementor-element elementor-element-f61f32b e-con-full e-flex elementor-invisible e-con e-child\" data-id=\"f61f32b\" data-element_type=\"container\" data-e-type=\"container\" data-settings=\"{&quot;animation&quot;:&quot;fadeIn&quot;}\">\n\t\t\t\t<div class=\"elementor-element elementor-element-411211a elementor-widget elementor-widget-heading\" data-id=\"411211a\" data-element_type=\"widget\" data-e-type=\"widget\" data-widget_type=\"heading.default\">\n\t\t\t\t\t<div class=\"elementor-heading-title elementor-size-default\">Marseille<\/div>\t\t\t\t<\/div>\n\t\t\t\t<div class=\"elementor-element elementor-element-3b47ef1 elementor-icon-list--layout-traditional elementor-list-item-link-full_width elementor-widget elementor-widget-icon-list\" data-id=\"3b47ef1\" data-element_type=\"widget\" data-e-type=\"widget\" data-widget_type=\"icon-list.default\">\n\t\t\t\t\t\t\t<ul class=\"elementor-icon-list-items\">\n\t\t\t\t\t\t\t<li class=\"elementor-icon-list-item\">\n\t\t\t\t\t\t\t\t\t\t\t<a href=\"tel:0465589763\">\n\n\t\t\t\t\t\t\t\t\t\t\t<span class=\"elementor-icon-list-text\">04 65 58 97 63<\/span>\n\t\t\t\t\t\t\t\t\t\t\t<\/a>\n\t\t\t\t\t\t\t\t\t<\/li>\n\t\t\t\t\t\t\t\t<li class=\"elementor-icon-list-item\">\n\t\t\t\t\t\t\t\t\t\t<span class=\"elementor-icon-list-text\">6 rue Clapier, 13001 Marseille<\/span>\n\t\t\t\t\t\t\t\t\t<\/li>\n\t\t\t\t\t\t\t\t<li class=\"elementor-icon-list-item\">\n\t\t\t\t\t\t\t\t\t\t\t<a href=\"mailto:contact@storm-communication.com\">\n\n\t\t\t\t\t\t\t\t\t\t\t<span class=\"elementor-icon-list-text\">contact@storm-communication.com<\/span>\n\t\t\t\t\t\t\t\t\t\t\t<\/a>\n\t\t\t\t\t\t\t\t\t<\/li>\n\t\t\t\t\t\t<\/ul>\n\t\t\t\t\t\t<\/div>\n\t\t\t\t<\/div>\n\t\t\t\t<\/div>\n\t\t\t\t<\/div>\n\t\t<div class=\"elementor-element elementor-element-37ebba2 e-con-full e-flex e-con e-child\" data-id=\"37ebba2\" data-element_type=\"container\" data-e-type=\"container\">\n\t\t\t\t<div class=\"elementor-element elementor-element-205c356 elementor-button-align-end elementor-widget elementor-widget-form\" data-id=\"205c356\" data-element_type=\"widget\" data-e-type=\"widget\" data-settings=\"{&quot;step_next_label&quot;:&quot;Suivant&quot;,&quot;step_previous_label&quot;:&quot;Pr\\u00e9c\\u00e9dent&quot;,&quot;button_width&quot;:&quot;100&quot;,&quot;step_type&quot;:&quot;number_text&quot;,&quot;step_icon_shape&quot;:&quot;circle&quot;}\" data-widget_type=\"form.default\">\n\t\t\t\t\t\t\t<form class=\"elementor-form\" method=\"post\" name=\"Contact\" aria-label=\"Contact\">\n\t\t\t<input type=\"hidden\" name=\"post_id\" value=\"15130\"\/>\n\t\t\t<input type=\"hidden\" name=\"form_id\" value=\"205c356\"\/>\n\t\t\t<input type=\"hidden\" name=\"referer_title\" value=\"Contactez-nous pour \u00e9changer avec notre \u00e9quipe - Storm Annecy\" \/>\n\n\t\t\t\t\t\t\t<input type=\"hidden\" name=\"queried_id\" value=\"15130\"\/>\n\t\t\t\n\t\t\t<div class=\"elementor-form-fields-wrapper elementor-labels-\">\n\t\t\t\t\t\t\t\t<div class=\"elementor-field-type-text elementor-field-group elementor-column elementor-field-group-name elementor-col-100 elementor-field-required\">\n\t\t\t\t\t\t\t\t\t\t\t\t<label for=\"form-field-name\" class=\"elementor-field-label elementor-screen-only\">\n\t\t\t\t\t\t\t\tNom \/ Pr\u00e9nom\t\t\t\t\t\t\t<\/label>\n\t\t\t\t\t\t\t\t\t\t\t\t\t\t<input size=\"1\" type=\"text\" name=\"form_fields[name]\" id=\"form-field-name\" class=\"elementor-field elementor-size-sm  elementor-field-textual\" placeholder=\"Nom \/ Pr\u00e9nom\" required=\"required\">\n\t\t\t\t\t\t\t\t\t\t\t<\/div>\n\t\t\t\t\t\t\t\t<div class=\"elementor-field-type-email elementor-field-group elementor-column elementor-field-group-email elementor-col-100 elementor-field-required\">\n\t\t\t\t\t\t\t\t\t\t\t\t<label for=\"form-field-email\" class=\"elementor-field-label elementor-screen-only\">\n\t\t\t\t\t\t\t\tE-mail\t\t\t\t\t\t\t<\/label>\n\t\t\t\t\t\t\t\t\t\t\t\t\t\t<input size=\"1\" type=\"email\" name=\"form_fields[email]\" id=\"form-field-email\" class=\"elementor-field elementor-size-sm  elementor-field-textual\" placeholder=\"E-mail\" required=\"required\">\n\t\t\t\t\t\t\t\t\t\t\t<\/div>\n\t\t\t\t\t\t\t\t<div class=\"elementor-field-type-tel elementor-field-group elementor-column elementor-field-group-field_76c2338 elementor-col-100 elementor-field-required\">\n\t\t\t\t\t\t\t\t\t\t\t\t<label for=\"form-field-field_76c2338\" class=\"elementor-field-label elementor-screen-only\">\n\t\t\t\t\t\t\t\tT\u00e9l\u00e9phone\t\t\t\t\t\t\t<\/label>\n\t\t\t\t\t\t\t\t<input size=\"1\" type=\"tel\" name=\"form_fields[field_76c2338]\" id=\"form-field-field_76c2338\" class=\"elementor-field elementor-size-sm  elementor-field-textual\" placeholder=\"T\u00e9l\u00e9phone\" required=\"required\" pattern=\"[0-9()#&amp;+*-=.]+\" title=\"Seuls les caract\u00e8res de num\u00e9ros de t\u00e9l\u00e9phone (#, -, *, etc.) sont accept\u00e9s.\">\n\n\t\t\t\t\t\t<\/div>\n\t\t\t\t\t\t\t\t<div class=\"elementor-field-type-textarea elementor-field-group elementor-column elementor-field-group-message elementor-col-100 elementor-field-required\">\n\t\t\t\t\t\t\t\t\t\t\t\t<label for=\"form-field-message\" class=\"elementor-field-label elementor-screen-only\">\n\t\t\t\t\t\t\t\tMessage\t\t\t\t\t\t\t<\/label>\n\t\t\t\t\t\t<textarea class=\"elementor-field-textual elementor-field  elementor-size-sm\" name=\"form_fields[message]\" id=\"form-field-message\" rows=\"6\" placeholder=\"Message\" required=\"required\"><\/textarea>\t\t\t\t<\/div>\n\t\t\t\t\t\t\t\t<div class=\"elementor-field-type-acceptance elementor-field-group elementor-column elementor-field-group-field_adec7c3 elementor-col-100 elementor-field-required\">\n\t\t\t\t\t\t\t\t\t\t\t\t<label for=\"form-field-field_adec7c3\" class=\"elementor-field-label elementor-screen-only\">\n\t\t\t\t\t\t\t\tRGPD\t\t\t\t\t\t\t<\/label>\n\t\t\t\t\t\t\t\t<div class=\"elementor-field-subgroup\">\n\t\t\t<span class=\"elementor-field-option\">\n\t\t\t\t<input type=\"checkbox\" name=\"form_fields[field_adec7c3]\" id=\"form-field-field_adec7c3\" class=\"elementor-field elementor-size-sm  elementor-acceptance-field\" required=\"required\">\n\t\t\t\t<label for=\"form-field-field_adec7c3\">En validant ce formulaire, vous acceptez que les donn\u00e9es fournies soient utilis\u00e9es conform\u00e9ment \u00e0 notre <a href=\"https:\/\/storm-communication.fr\/politique-de-confidentialite\" target=\"_blank\">politique de confidentialit\u00e9<\/a>.<\/label>\t\t\t<\/span>\n\t\t<\/div>\n\t\t\t\t\t\t<\/div>\n\t\t\t\t\t\t\t\t<div class=\"elementor-field-type-text\">\n\t\t\t\t\t<input size=\"1\" type=\"text\" name=\"form_fields[field_80149c6]\" id=\"form-field-field_80149c6\" class=\"elementor-field elementor-size-sm \" style=\"display:none !important;\">\t\t\t\t<\/div>\n\t\t\t\t\t\t\t\t<div class=\"elementor-field-type-recaptcha_v3 elementor-field-group elementor-column elementor-field-group-captcha elementor-col-100 recaptcha_v3-bottomright\">\n\t\t\t\t\t<div class=\"elementor-field\" id=\"form-field-captcha\"><div class=\"elementor-g-recaptcha\" data-sitekey=\"6Ld_nlIsAAAAAKmX-q8JM_jCebdc7Of8RN-Gz9x8\" data-type=\"v3\" data-action=\"Form\" data-badge=\"bottomright\" data-size=\"invisible\"><\/div><\/div>\t\t\t\t<\/div>\n\t\t\t\t\t\t\t\t<div class=\"elementor-field-group elementor-column elementor-field-type-submit elementor-col-100 e-form__buttons\">\n\t\t\t\t\t<button class=\"elementor-button elementor-size-sm\" type=\"submit\">\n\t\t\t\t\t\t<span class=\"elementor-button-content-wrapper\">\n\t\t\t\t\t\t\t\t\t\t\t\t\t\t\t\t\t\t\t\t\t\t<span class=\"elementor-button-text\">C'est parti !<\/span>\n\t\t\t\t\t\t\t\t\t\t\t\t\t<\/span>\n\t\t\t\t\t<\/button>\n\t\t\t\t<\/div>\n\t\t\t<\/div>\n\t\t<\/form>\n\t\t\t\t\t\t<\/div>\n\t\t\t\t<\/div>\n\t\t\t\t\t<\/div>\n\t\t\t\t<\/div>\n\t\t<div class=\"elementor-element elementor-element-13d9fbc e-flex e-con-boxed e-con e-parent\" data-id=\"13d9fbc\" data-element_type=\"container\" data-e-type=\"container\">\n\t\t\t\t\t<div class=\"e-con-inner\">\n\t\t\t\t<div class=\"elementor-element elementor-element-8055fff e-transform elementor-view-default elementor-widget elementor-widget-icon\" data-id=\"8055fff\" data-element_type=\"widget\" data-e-type=\"widget\" data-settings=\"{&quot;_transform_rotateZ_effect&quot;:{&quot;unit&quot;:&quot;px&quot;,&quot;size&quot;:180,&quot;sizes&quot;:[]},&quot;_transform_rotateZ_effect_tablet&quot;:{&quot;unit&quot;:&quot;deg&quot;,&quot;size&quot;:&quot;&quot;,&quot;sizes&quot;:[]},&quot;_transform_rotateZ_effect_mobile&quot;:{&quot;unit&quot;:&quot;deg&quot;,&quot;size&quot;:&quot;&quot;,&quot;sizes&quot;:[]}}\" data-widget_type=\"icon.default\">\n\t\t\t\t\t\t\t<div class=\"elementor-icon-wrapper\">\n\t\t\t<a class=\"elementor-icon elementor-animation-bob\" href=\"#calendly\">\n\t\t\t<svg xmlns=\"http:\/\/www.w3.org\/2000\/svg\" id=\"Layer_2\" data-name=\"Layer 2\" viewBox=\"0 0 69.93 83.12\"><g id=\"Layer_1-2\" data-name=\"Layer 1\"><polygon points=\"69.93 34.97 34.97 0 34.96 0 34.96 0 0 34.97 12.76 47.72 25.95 34.53 25.95 83.12 43.98 83.12 43.98 34.53 57.17 47.72 69.93 34.97\"><\/polygon><\/g><\/svg>\t\t\t<\/a>\n\t\t<\/div>\n\t\t\t\t\t\t<\/div>\n\t\t\t\t<div class=\"elementor-element elementor-element-2c0fbf7 elementor-widget elementor-widget-html\" data-id=\"2c0fbf7\" data-element_type=\"widget\" data-e-type=\"widget\" data-widget_type=\"html.default\">\n\t\t\t\t\t<!-- D\u00e9but de widget en ligne Calendly -->\n<div class=\"calendly-inline-widget\" data-url=\"https:\/\/calendly.com\/storm-communication\/rdv?hide_landing_page_details=1&hide_gdpr_banner=1\" style=\"min-width:320px;height:830px;\"><\/div>\n<script type=\"text\/javascript\" src=\"https:\/\/assets.calendly.com\/assets\/external\/widget.js\" async><\/script>\n<!-- Fin de widget en ligne Calendly -->\t\t\t\t<\/div>\n\t\t\t\t\t<\/div>\n\t\t\t\t<\/div>\n\t\t\t\t<\/div>\n\t\t","protected":false},"excerpt":{"rendered":"<p>Pr\u00eat \u00e0 Stormer ? Vous lancez votre marque ? Souhaitez revoir votre identit\u00e9 visuelle ? Cr\u00e9er des supports dynamiques ? Prenons rendez-vous ensemble ! Annecy 04 65 58 97 63 16 rue de la lyre, Parc Alta\u00efs (b\u00e2timent Jean Beauquis), 74960 Annecy contact@storm-communication.com Marseille 04 65 58 97 63 6 rue Clapier, 13001 Marseille contact@storm-communication.com<\/p>\n","protected":false},"author":1,"featured_media":0,"parent":0,"menu_order":0,"comment_status":"closed","ping_status":"closed","template":"","meta":{"footnotes":""},"class_list":["post-15130","page","type-page","status-publish","hentry"],"yoast_head":"<!-- This site is optimized with the Yoast SEO plugin v27.2 - https:\/\/yoast.com\/product\/yoast-seo-wordpress\/ -->\n<title>Contactez-nous pour \u00e9changer avec notre \u00e9quipe - Storm Annecy<\/title>\n<meta name=\"description\" content=\"Contactez-nous d\u00e8s aujourd&#039;hui pour obtenir un devis gratuit. Storm vous accompagne dans vos projets web, social media, SEO, SEA...\" \/>\n<meta name=\"robots\" content=\"index, follow, max-snippet:-1, max-image-preview:large, max-video-preview:-1\" \/>\n<link rel=\"canonical\" href=\"https:\/\/storm-communication.fr\/annecy\/contactez-nous\/\" \/>\n<meta property=\"og:locale\" content=\"fr_FR\" \/>\n<meta property=\"og:type\" content=\"article\" \/>\n<meta property=\"og:title\" content=\"Contactez-nous pour \u00e9changer avec notre \u00e9quipe - Storm Annecy\" \/>\n<meta property=\"og:description\" content=\"Contactez-nous d\u00e8s aujourd&#039;hui pour obtenir un devis gratuit. Storm vous accompagne dans vos projets web, social media, SEO, SEA...\" \/>\n<meta property=\"og:url\" content=\"https:\/\/storm-communication.fr\/annecy\/contactez-nous\/\" \/>\n<meta property=\"og:site_name\" content=\"Storm Annecy\" \/>\n<meta property=\"article:modified_time\" content=\"2026-01-22T08:08:06+00:00\" \/>\n<meta name=\"twitter:card\" content=\"summary_large_image\" \/>\n<meta name=\"twitter:label1\" content=\"Dur\u00e9e de lecture estim\u00e9e\" \/>\n\t<meta name=\"twitter:data1\" content=\"1 minute\" \/>\n<script type=\"application\/ld+json\" class=\"yoast-schema-graph\">{\"@context\":\"https:\/\/schema.org\",\"@graph\":[{\"@type\":\"WebPage\",\"@id\":\"https:\/\/storm-communication.fr\/annecy\/contactez-nous\/\",\"url\":\"https:\/\/storm-communication.fr\/annecy\/contactez-nous\/\",\"name\":\"Contactez-nous pour \u00e9changer avec notre \u00e9quipe - Storm Annecy\",\"isPartOf\":{\"@id\":\"https:\/\/storm-communication.fr\/annecy\/#website\"},\"datePublished\":\"2025-08-28T13:06:02+00:00\",\"dateModified\":\"2026-01-22T08:08:06+00:00\",\"description\":\"Contactez-nous d\u00e8s aujourd'hui pour obtenir un devis gratuit. Storm vous accompagne dans vos projets web, social media, SEO, SEA...\",\"breadcrumb\":{\"@id\":\"https:\/\/storm-communication.fr\/annecy\/contactez-nous\/#breadcrumb\"},\"inLanguage\":\"fr-FR\",\"potentialAction\":[{\"@type\":\"ReadAction\",\"target\":[\"https:\/\/storm-communication.fr\/annecy\/contactez-nous\/\"]}]},{\"@type\":\"BreadcrumbList\",\"@id\":\"https:\/\/storm-communication.fr\/annecy\/contactez-nous\/#breadcrumb\",\"itemListElement\":[{\"@type\":\"ListItem\",\"position\":1,\"name\":\"Accueil\",\"item\":\"https:\/\/storm-communication.fr\/annecy\/\"},{\"@type\":\"ListItem\",\"position\":2,\"name\":\"Contact\"}]},{\"@type\":\"WebSite\",\"@id\":\"https:\/\/storm-communication.fr\/annecy\/#website\",\"url\":\"https:\/\/storm-communication.fr\/annecy\/\",\"name\":\"Storm Annecy\",\"description\":\"\",\"publisher\":{\"@id\":\"https:\/\/storm-communication.fr\/annecy\/#organization\"},\"potentialAction\":[{\"@type\":\"SearchAction\",\"target\":{\"@type\":\"EntryPoint\",\"urlTemplate\":\"https:\/\/storm-communication.fr\/annecy\/?s={search_term_string}\"},\"query-input\":{\"@type\":\"PropertyValueSpecification\",\"valueRequired\":true,\"valueName\":\"search_term_string\"}}],\"inLanguage\":\"fr-FR\"},{\"@type\":\"Organization\",\"@id\":\"https:\/\/storm-communication.fr\/annecy\/#organization\",\"name\":\"Storm Annecy\",\"url\":\"https:\/\/storm-communication.fr\/annecy\/\",\"logo\":{\"@type\":\"ImageObject\",\"inLanguage\":\"fr-FR\",\"@id\":\"https:\/\/storm-communication.fr\/annecy\/#\/schema\/logo\/image\/\",\"url\":\"https:\/\/storm-communication.fr\/app\/uploads\/sites\/3\/2023\/10\/logo.webp\",\"contentUrl\":\"https:\/\/storm-communication.fr\/app\/uploads\/sites\/3\/2023\/10\/logo.webp\",\"width\":512,\"height\":512,\"caption\":\"Storm Annecy\"},\"image\":{\"@id\":\"https:\/\/storm-communication.fr\/annecy\/#\/schema\/logo\/image\/\"}}]}<\/script>\n<!-- \/ Yoast SEO plugin. -->","yoast_head_json":{"title":"Contactez-nous pour \u00e9changer avec notre \u00e9quipe - Storm Annecy","description":"Contactez-nous d\u00e8s aujourd'hui pour obtenir un devis gratuit. Storm vous accompagne dans vos projets web, social media, SEO, SEA...","robots":{"index":"index","follow":"follow","max-snippet":"max-snippet:-1","max-image-preview":"max-image-preview:large","max-video-preview":"max-video-preview:-1"},"canonical":"https:\/\/storm-communication.fr\/annecy\/contactez-nous\/","og_locale":"fr_FR","og_type":"article","og_title":"Contactez-nous pour \u00e9changer avec notre \u00e9quipe - Storm Annecy","og_description":"Contactez-nous d\u00e8s aujourd'hui pour obtenir un devis gratuit. Storm vous accompagne dans vos projets web, social media, SEO, SEA...","og_url":"https:\/\/storm-communication.fr\/annecy\/contactez-nous\/","og_site_name":"Storm Annecy","article_modified_time":"2026-01-22T08:08:06+00:00","twitter_card":"summary_large_image","twitter_misc":{"Dur\u00e9e de lecture estim\u00e9e":"1 minute"},"schema":{"@context":"https:\/\/schema.org","@graph":[{"@type":"WebPage","@id":"https:\/\/storm-communication.fr\/annecy\/contactez-nous\/","url":"https:\/\/storm-communication.fr\/annecy\/contactez-nous\/","name":"Contactez-nous pour \u00e9changer avec notre \u00e9quipe - Storm Annecy","isPartOf":{"@id":"https:\/\/storm-communication.fr\/annecy\/#website"},"datePublished":"2025-08-28T13:06:02+00:00","dateModified":"2026-01-22T08:08:06+00:00","description":"Contactez-nous d\u00e8s aujourd'hui pour obtenir un devis gratuit. Storm vous accompagne dans vos projets web, social media, SEO, SEA...","breadcrumb":{"@id":"https:\/\/storm-communication.fr\/annecy\/contactez-nous\/#breadcrumb"},"inLanguage":"fr-FR","potentialAction":[{"@type":"ReadAction","target":["https:\/\/storm-communication.fr\/annecy\/contactez-nous\/"]}]},{"@type":"BreadcrumbList","@id":"https:\/\/storm-communication.fr\/annecy\/contactez-nous\/#breadcrumb","itemListElement":[{"@type":"ListItem","position":1,"name":"Accueil","item":"https:\/\/storm-communication.fr\/annecy\/"},{"@type":"ListItem","position":2,"name":"Contact"}]},{"@type":"WebSite","@id":"https:\/\/storm-communication.fr\/annecy\/#website","url":"https:\/\/storm-communication.fr\/annecy\/","name":"Storm Annecy","description":"","publisher":{"@id":"https:\/\/storm-communication.fr\/annecy\/#organization"},"potentialAction":[{"@type":"SearchAction","target":{"@type":"EntryPoint","urlTemplate":"https:\/\/storm-communication.fr\/annecy\/?s={search_term_string}"},"query-input":{"@type":"PropertyValueSpecification","valueRequired":true,"valueName":"search_term_string"}}],"inLanguage":"fr-FR"},{"@type":"Organization","@id":"https:\/\/storm-communication.fr\/annecy\/#organization","name":"Storm Annecy","url":"https:\/\/storm-communication.fr\/annecy\/","logo":{"@type":"ImageObject","inLanguage":"fr-FR","@id":"https:\/\/storm-communication.fr\/annecy\/#\/schema\/logo\/image\/","url":"https:\/\/storm-communication.fr\/app\/uploads\/sites\/3\/2023\/10\/logo.webp","contentUrl":"https:\/\/storm-communication.fr\/app\/uploads\/sites\/3\/2023\/10\/logo.webp","width":512,"height":512,"caption":"Storm Annecy"},"image":{"@id":"https:\/\/storm-communication.fr\/annecy\/#\/schema\/logo\/image\/"}}]}},"_links":{"self":[{"href":"https:\/\/storm-communication.fr\/annecy\/wp-json\/wp\/v2\/pages\/15130","targetHints":{"allow":["GET"]}}],"collection":[{"href":"https:\/\/storm-communication.fr\/annecy\/wp-json\/wp\/v2\/pages"}],"about":[{"href":"https:\/\/storm-communication.fr\/annecy\/wp-json\/wp\/v2\/types\/page"}],"author":[{"embeddable":true,"href":"https:\/\/storm-communication.fr\/annecy\/wp-json\/wp\/v2\/users\/1"}],"replies":[{"embeddable":true,"href":"https:\/\/storm-communication.fr\/annecy\/wp-json\/wp\/v2\/comments?post=15130"}],"version-history":[{"count":20,"href":"https:\/\/storm-communication.fr\/annecy\/wp-json\/wp\/v2\/pages\/15130\/revisions"}],"predecessor-version":[{"id":15702,"href":"https:\/\/storm-communication.fr\/annecy\/wp-json\/wp\/v2\/pages\/15130\/revisions\/15702"}],"wp:attachment":[{"href":"https:\/\/storm-communication.fr\/annecy\/wp-json\/wp\/v2\/media?parent=15130"}],"curies":[{"name":"wp","href":"https:\/\/api.w.org\/{rel}","templated":true}]}}